 by 5*1*(44/10 + -1).
16
Let s be ((-2)/(-1) + -2)*1. Suppose -2*w = -s - 2. Calculate the remainder when 1 is divided by w.
0
Let t = -1998 + 4123. What is the remainder when t/45 + (-2)/9 is divided by 12?
11
Let l(m) = m**3 + 3*m**2 - 3*m + 2. Calculate the remainder when 46 is divided by l(2).
14
Calculate the remainder when (-28)/(3/2 + -2) is divided by 19.
18
Suppose h - 2*h - 3*q = -11, -2*h = 4*q - 16. Let m = -22 + 16. Let a = -4 - m. What is the remainder when a is divided by h?
0
Let z = -166 - -254. Calculate the remainder when z is divided by 18.
16
Suppose 2 = -5*p + 12. Calculate the remainder when 5 is divided by p/11 - (-120)/66.
1
Let u(y) = -y - 2. Let k be u(-9). Suppose -3*v = 5*o - 20 - k, -3*o - v = -13. What is the remainder when (-6)/4*(-58)/o is divided by 15?
14
Let x(z) = -4*z**3 - 3*z**2 - 2*z - 1. Calculate the remainder when x(-2) is divided by 8.
7
Let k(t) = t**3 + 9*t**2 + 4*t - 3. Calculate the remainder when k(-5) is divided by 10.
7
Suppose 4*w = 69 + 11. Let f(u) = 2*u**2 + 8*u + 4. Let h be f(-6). Let c = h - w. What is the remainder when 15 is divided by c?
7
Suppose t = -2*t - 2*j + 33, -t - 5*j + 11 = 0. Let v = 7 + -11. What is the remainder when 39 - v - (-1 + 2) is divided by t?
9
Calculate the remainder when -4*((-645)/(-12))/(-5) is divided by 11.
10
What is the remainder when ((-1212)/6)/(0 - 2) is divided by 26?
23
Suppose 87 + 221 = 3*w + 4*o, 2*w = -2*o + 202. Calculate the remainder when w is divided by 14.
12
Let y(b) = -3*b + 1. What is the remainder when 48 is divided by y(-3)?
8
Let k = 428 + -291. Suppose 3*w - 10 = k. What is the remainder when w is divided by 10?
9
Suppose 0*y + 3*y - 35 = -5*c, -3*y = -3*c + 45. Calculate the remainder when 1/2 - (-135)/c is divided by 8.
6
What is the remainder when 13 is divided by 2550/325 - (-2)/13?
5
Let d be (-17)/(-51) - (-707)/3. Suppose -4*k - 4*z = -d, 3*z + 171 = 3*k - 0*k. Calculate the remainder when k is divided by 4/(-5)*(-25)/1.
18
Let p(w) = -5*w**2 + 2*w + w**3 + 0*w + 2 - 2*w. Let m be p(5). Suppose 5*o - 5 = 0, 0 = -b + m*o + 2*o + 30. What is the remainder when b is divided by 12?
10
Suppose 0 = 5*n - 3*u + 3 - 2, -n = -2*u + 3. Let z(v) = -2 + 2 - v - n. What is the remainder when 7 is divided by z(-4)?
1
Calculate the remainder when 68 is divided by 20 + (3 - 7) + 2.
14
Let x be 1/2*-6*-1. Suppose 2*o + 42 = x*o. Suppose -d + 3 = -12. What is the remainder when o is divided by d?
12
Suppose 0 = -4*w + 6 + 10. Calculate the remainder when 23 is divided by w.
3
Let m(l) = -4*l**3 + 6*l**2 - 6*l + 7. Let u(c) = -5*c**3 + 7*c**2 - 7*c + 8. Let y(h) = 7*m(h) - 6*u(h). Calculate the remainder when y(3) is divided by 19.
17
Let l = -16 - -30. Let x(p) = 3*p + 3. Let y be x(5). Suppose 0 = -4*o + y + 2. What is the remainder when l is divided by o?
4
Suppose -3*a + 15 = -21. Let s = 4 - 0. Suppose -j - 25 = -3*c + 3*j, 3*c + s*j - 17 = 0. What is the remainder when a is divided by c?
5
Suppose 24 = -3*t + 69. Calculate the remainder when 44 is divided by t.
14
Let i be (2 + -2)*(-3)/6. Suppose 5*n + 5*c = c + 31, -c + 4 = i. What is the remainder when 16 is divided by (0 - n) + 11 - -1?
7
Suppose -9 + 36 = 3*b. Calculate the remainder when 33 is divided by b.
6
Suppose 4*u + 170 = -3*l + 435, 0 = 5*l + 5*u - 450. What is the remainder when l is divided by 12?
11
Let w be (14/3)/(6/(-45)). Suppose 5*m + a = 265, 0 = 5*m + 2*a - 0*a - 270. Let i = m + w. What is the remainder when i is divided by 6?
5
Suppose -p + 2 = -0*p. Suppose -4*o - 65 = -5*w - 21, -2*w - 4 = 2*o. Calculate the remainder when 8/6*(-9)/o is divided by p.
0
Let c(y) = -y**3 + 2*y**2 + 3*y - 4. Let u be (6/(9/3))/(-1). Let h(m) = -2*m**3 - 2*m**2 - 3*m - 3. What is the remainder when c(-3) is divided by h(u)?
10
Let u = 133 + -69. What is the remainder when u is divided by 17?
13
Let v(o) = 2*o**2 + 5*o - 1. Calculate the remainder when 21 is divided by v(-4).
10
Let r(l) = 32*l**2 + 5*l + 2. Let z be r(-3). Suppose v - k - 58 = -0*k, 0 = 5*v - 2*k - z. Calculate the remainder when v is divided by 18.
17
Let s(i) = 16*i**3 + i**2 - 1. Let u = 5 + 1. What is the remainder when s(1) is divided by u?
4
Let x(w) = w**3 + 6*w**2 - 3*w - 8. Let c be x(-8). Calculate the remainder when 10 is divided by (-2)/(-5) + c/(-20).
4
Suppose 0*d - 5*c - 323 = -3*d, -5*c + 121 = d. Calculate the remainder when d is divided by (-1)/(-4) + (-222)/(-8).
27
Suppose 9 + 3 = k. Suppose 100 = 5*b - v, -4*b - 4*v = -68 + k. What is the remainder when 56 is divided by b?
18
Suppose 0 = 2*c + 7*c - 72. Calculate the remainder when c is divided by (0 + (-6)/(-4))*2.
2
Suppose 3*y + 552 = 11*y. What is the remainder when y is divided by 35?
34
Let n(g) = g**2 - 3*g - 6. Suppose -5*k = 4*c - 6*c + 15, 0 = -2*c + 3*k + 13. Let j be n(c). Calculate the remainder when 356/8 + (-2)/j is divided by 15.
14
Suppose -5*x = 4*j - 83, 4*x = 2*x + 6. Suppose m - 92 - 9 = 2*d, -2*d - 126 = 4*m. Let n = d - -85. Calculate the remainder when n is divided by j.
15
Suppose 2*u + u = 4*i + 32, -i = -2*u + 18. What is the remainder when 38 is divided by u?
6
Let h = 0 + 44. Suppose 8 = -4*j + h. Calculate the remainder when 15 is divided by j.
6
Suppose -3*q + 5*m + 0*m - 20 = 0, -3*q - 12 = -3*m. Suppose q*v - 2*v = -42. Calculate the remainder when 61 is divided by v.
19
Suppose 5*x + 20 = 0, -3*r - 2*x + 11 + 20 = 0. Calculate the remainder when 63 is divided by r.
11
Let g(i) = -5 + 2 + 3*i**3 - 4*i**2 + 2*i - 4*i**3 - 9. What is the remainder when 6 is divided by g(-5)?
0
Suppose 0 = -v + 6*v - 70. Calculate the remainder when v is divided by 26/5 + 10/(-50).
4
Suppose -2*t + 193 = 5*v - 6*t, -150 = -4*v + t. Let o(l) = -l**2 + 10*l - 10. Let h be o(8). Let i = h + 7. Calculate the remainder when v is divided by i.
11
Suppose 5*y + 3848 = 4*w, -995 = 4*y - 4*w + 2081. Suppose -46 - 24 = -5*v. What is the remainder when y/(-20) - 2/(-5) is divided by v?
11
Calculate the remainder when 64 is divided by 5*4/10 + (-1 - -33).
30
Suppose -3*r - 10 = -3*b - 61, 3*b = 5*r - 75. Suppose 4*o - r = 4*m, -2*o + 0*o + 18 = 4*m. Calculate the remainder when m is divided by 1.
0
Suppose -d + 2 = -5*f, 4 = 2*d + 3*f - 0. Suppose 0 = -d*c - 8 + 32. Calculate the remainder when (-908)/(-20) - 2/5 is divided by c.
9
Suppose 2*n = -4*b + 2, -3*b = -3*n + 2*n - 14. Let l(h) = h**2 - 3*h + 2. What is the remainder when 2 is divided by l(b)?
0
Let c be 2/3 + 4/(-6). Calculate the remainder when (1 + c)/((-5)/(-170)) is divided by 12.
10
Let y(p) = 11*p**3 - 3*p**2 + 4*p - 1. Calculate the remainder when y(2) is divided by 23.
14
Let x(c) = c**3 + 3*c**2 - c. Suppose -3*f - 6 = -0, 0 = -4*l + 2*f + 4. Suppose -7*s + 3*s + 204 = l. Calculate the remainder when s is divided by x(2).
15
Let q(r) = -r**2 - 9*r + 5. Let d be q(-9). Let c = d - 4. What is the remainder when 23 is divided by 1 - 0 - (-8 + c)?
7
Let f be (-2 + -7)*(-3)/9. Let q = -2 - -10. Suppose 0 = -m + f*n - q*n + 30, -4*m = -5*n - 145. Calculate the remainder when m is divided by 18.
17
Suppose 0*u - 66 = -2*u. What is the remainder when u is divided by 17?
16
Suppose -2*p + 0*r = 3*r - 33, 0 = -2*r - 6. What is the remainder when 4/10*(-2 - -102) is divided by p?
19
Suppose 222 = 3*s + 4*v, -5*v + 370 = 5*s - 3*v. What is the remainder when s is divided by 19?
17
Suppose 0 = -3*q + 2*q + 6. Let w = 2 - -4. Let r = 10 - w. Calculate the remainder when q is divided by r.
2
Let m(w) = w**2 - 7*w + 2. Let p = 6 - 3. Suppose -p*c = 2*c - 40. What is the remainder when m(c) is divided by 6?
4
Let r(b) = -2*b + 2. Let f(p) = -4*p + 77. What is the remainder when r(-5) is divided by f(18)?
2
Let o = 7 - 7. Suppose 2*i - 16 = -v, o = i + 2*v + 3*v + 10. Suppose 2*k + 0*g + 2*g = i, k = 4*g. What is the remainder when 11 is divided by k?
3
Suppose 2*r - 42 = -18. What is the remainder when 22 is divided by r?
10
Suppose 5*g = 3*b - 33, 0 = -b + 4*g - 2*g + 11. Calculate the remainder when b is divided by (-32)/(-6) - 6/(-9).
5
Suppose 4*i - l = -i + 51, -i = -l - 11. Calculate the remainder when 68 is divided by i.
8
Let x = -19 - -30. Calculate the remainder when 19 is divided by x.
8
Suppose s - 6 = -2*h + 15, -12 = -2*h - 4*s. Let t = h - -5. Calculate the remainder when